                                                                                                                                                                                                                                                                                                                                                                                                                                                                   {"id":3246,"date":"2026-01-02T20:32:33","date_gmt":"2026-01-02T23:32:33","guid":{"rendered":"https:\/\/digesto.hcd25demayomisiones.gob.ar\/?page_id=3246"},"modified":"2026-01-02T20:33:55","modified_gmt":"2026-01-02T23:33:55","slug":"rama-xi-tercera-consolidacion","status":"publish","type":"page","link":"https:\/\/digesto.hcd25demayomisiones.gob.ar\/index.php\/rama-xi-tercera-consolidacion\/","title":{"rendered":"RAMA XI (Tercera Consolidaci\u00f3n)"},"content":{"rendered":"\n<div style=\"border: 2px solid #004080; border-radius: 8px; padding: 12px; margin-bottom: 16px; background-color: #f5f8ff;\">\n  <h3 style=\"margin-top: 0; color: #004080;\">\ud83d\udcc4 ORDENANZA XI N\u00ba 1 <small>(Antes Ordenanza 10\/85)<\/small><\/h3>\n  <p>Establece que ning\u00fan lugar p\u00fablico, plazoletas, muros y edificios podr\u00e1n ser utilizados para inscripciones sin autorizaci\u00f3n del Honorable Concejo Deliberante.<\/p>\n  <a href=\"https:\/\/digesto.hcd25demayomisiones.gob.ar\/wp-content\/uploads\/2026\/01\/ORDENANZA-XI-\u2013-No-1.pdf\" target=\"_blank\" style=\"color: #004080; font-weight: bold;\" rel=\"noopener\">\ud83d\udce5 Descargar PDF<\/a>\n<\/div>\n\n<div style=\"border: 2px solid #004080; border-radius: 8px; padding: 12px; margin-bottom: 16px; background-color: #f5f8ff;\">\n  <h3 style=\"margin-top: 0; color: #004080;\">\ud83d\udcc4 ORDENANZA XI N\u00ba 2 <small>(Antes Ordenanza 52\/19)<\/small><\/h3>\n  <p>Crea el R\u00e9gimen Municipal de Regulaci\u00f3n de la Publicidad Oficial y establece procedimientos presupuestarios bajo la Direcci\u00f3n Municipal de Prensa y Difusi\u00f3n.<\/p>\n  <a href=\"https:\/\/digesto.hcd25demayomisiones.gob.ar\/wp-content\/uploads\/2026\/01\/ORDENANZA-XI-\u2013-No-2.pdf\" target=\"_blank\" style=\"color: #004080; font-weight: bold;\" rel=\"noopener\">\ud83d\udce5 Descargar PDF<\/a>\n<\/div>\n\n<div style=\"border: 2px solid #004080; border-radius: 8px; padding: 12px; margin-bottom: 16px; background-color: #f5f8ff;\">\n  <h3 style=\"margin-top: 0; color: #004080;\">\ud83d\udcc4 ORDENANZA XI N\u00ba 3 <small>(Antes Ordenanza 28\/20)<\/small><\/h3>\n  <p>Declara como patrimonio exclusivo del municipio el espacio p\u00fablico en todas sus dimensiones: a\u00e9rea, superficial y subterr\u00e1nea.<\/p>\n  <a href=\"https:\/\/digesto.hcd25demayomisiones.gob.ar\/wp-content\/uploads\/2026\/01\/ORDENANZA-XI-\u2013-No-3.pdf\" target=\"_blank\" style=\"color: #004080; font-weight: bold;\" rel=\"noopener\">\ud83d\udce5 Descargar PDF<\/a>\n<\/div>\n","protected":false},"excerpt":{"rendered":"<p>\ud83d\udcc4 ORDENANZA XI N\u00ba 1 (Antes Ordenanza 10\/85) Establece que ning\u00fan lugar p\u00fablico, plazoletas, muros y edificios podr\u00e1n ser utilizados para inscripciones sin autorizaci\u00f3n del Honorable Concejo Deliberante. \ud83d\udce5 Descargar PDF \ud83d\udcc4 ORDENANZA XI N\u00ba 2 (Antes Ordenanza 52\/19) Crea &hellip; <a href=\"https:\/\/digesto.hcd25demayomisiones.gob.ar\/index.php\/rama-xi-tercera-consolidacion\/\">Segu\u00ed leyendo <span class=\"meta-nav\">&rarr;<\/span><\/a><\/p>\n","protected":false},"author":1,"featured_media":0,"parent":0,"menu_order":0,"comment_status":"closed","ping_status":"closed","template":"","meta":{"footnotes":""},"aioseo_notices":[],"_links":{"self":[{"href":"https:\/\/digesto.hcd25demayomisiones.gob.ar\/index.php\/wp-json\/wp\/v2\/pages\/3246"}],"collection":[{"href":"https:\/\/digesto.hcd25demayomisiones.gob.ar\/index.php\/wp-json\/wp\/v2\/pages"}],"about":[{"href":"https:\/\/digesto.hcd25demayomisiones.gob.ar\/index.php\/wp-json\/wp\/v2\/types\/page"}],"author":[{"embeddable":true,"href":"https:\/\/digesto.hcd25demayomisiones.gob.ar\/index.php\/wp-json\/wp\/v2\/users\/1"}],"replies":[{"embeddable":true,"href":"https:\/\/digesto.hcd25demayomisiones.gob.ar\/index.php\/wp-json\/wp\/v2\/comments?post=3246"}],"version-history":[{"count":1,"href":"https:\/\/digesto.hcd25demayomisiones.gob.ar\/index.php\/wp-json\/wp\/v2\/pages\/3246\/revisions"}],"predecessor-version":[{"id":3251,"href":"https:\/\/digesto.hcd25demayomisiones.gob.ar\/index.php\/wp-json\/wp\/v2\/pages\/3246\/revisions\/3251"}],"wp:attachment":[{"href":"https:\/\/digesto.hcd25demayomisiones.gob.ar\/index.php\/wp-json\/wp\/v2\/media?parent=3246"}],"curies":[{"name":"wp","href":"https:\/\/api.w.org\/{rel}","templated":true}]}}