                                                                                                                                                                                                                                                                                                                                                                                                                                                                   {"id":249,"date":"2023-12-20T19:22:34","date_gmt":"2023-12-20T22:22:34","guid":{"rendered":"https:\/\/digesto.hcd25demayomisiones.gob.ar\/?page_id=249"},"modified":"2025-07-12T15:06:12","modified_gmt":"2025-07-12T18:06:12","slug":"rama-x","status":"publish","type":"page","link":"https:\/\/digesto.hcd25demayomisiones.gob.ar\/index.php\/rama-x\/","title":{"rendered":"RAMA X (9)"},"content":{"rendered":"\n<hr class=\"wp-block-separator has-alpha-channel-opacity\"\/>\n\n\n\n<!-- ORDENANZA X N\u00ba 1 -->\n<div style=\"border:2px solid #004080;border-radius:8px;padding:12px;margin-bottom:16px;background-color:#f5f8ff;\">\n<h3 style=\"color:#004080;\">\ud83d\udcc4 ORDENANZA X N\u00ba 1 <small>(Antes Ordenanza 18\/84)<\/small><\/h3>\n<p>Determina como Zona Urbana la Localidad de 25 de Mayo.<\/p>\n<a href=\"https:\/\/digesto.hcd25demayomisiones.gob.ar\/wp-content\/uploads\/2025\/07\/ODENANZA-X-No-1-1.pdf\" target=\"_blank\" style=\"color:#004080;font-weight:bold;\" rel=\"noopener\">\ud83d\udce5 Descargar PDF<\/a>\n<\/div>\n\n<!-- ORDENANZA X N\u00ba 2 -->\n<div style=\"border:2px solid #004080;border-radius:8px;padding:12px;margin-bottom:16px;background-color:#f5f8ff;\">\n<h3 style=\"color:#004080;\">\ud83d\udcc4 ORDENANZA X N\u00ba 2 <small>(Antes Ordenanza 06\/86)<\/small><\/h3>\n<p>Establece el R\u00e9gimen de Contribuci\u00f3n de Mejoras para obras p\u00fablicas que incrementen el valor de inmuebles beneficiados.<\/p>\n<a href=\"https:\/\/digesto.hcd25demayomisiones.gob.ar\/wp-content\/uploads\/2025\/07\/ORDENANZA-X-No-2-1.pdf\" target=\"_blank\" style=\"color:#004080;font-weight:bold;\" rel=\"noopener\">\ud83d\udce5 Descargar PDF<\/a>\n<\/div>\n\n<!-- ORDENANZA X N\u00ba 3 -->\n<div style=\"border:2px solid #004080;border-radius:8px;padding:12px;margin-bottom:16px;background-color:#f5f8ff;\">\n<h3 style=\"color:#004080;\">\ud83d\udcc4 ORDENANZA X N\u00ba 3 <small>(Antes Ordenanza 15\/04)<\/small><\/h3>\n<p>Declara de Inter\u00e9s Municipal el Programa de Desarrollo Municipal Segunda Etapa (PDM II) y el proyecto de inversi\u00f3n del Anexo I.<\/p>\n<a href=\"https:\/\/digesto.hcd25demayomisiones.gob.ar\/wp-content\/uploads\/2025\/07\/ORDENANZA-X-N\u00b0-3-Y-ANEXOS-1.pdf\" target=\"_blank\" style=\"color:#004080;font-weight:bold;\" rel=\"noopener\">\ud83d\udce5 Descargar PDF<\/a>\n<\/div>\n\n<!-- ORDENANZA X N\u00ba 4 -->\n<div style=\"border:2px solid #004080;border-radius:8px;padding:12px;margin-bottom:16px;background-color:#f5f8ff;\">\n<h3 style=\"color:#004080;\">\ud83d\udcc4 ORDENANZA X N\u00ba 4 <small>(Antes Ordenanza 23\/06)<\/small><\/h3>\n<p>Aprueba el Reglamento de Consorcios para ejecuci\u00f3n de Obras P\u00fablicas o Servicios P\u00fablicos en el \u00e1mbito municipal.<\/p>\n<a href=\"https:\/\/digesto.hcd25demayomisiones.gob.ar\/wp-content\/uploads\/2025\/07\/ORDENANZA-X-No-4-1.pdf\" target=\"_blank\" style=\"color:#004080;font-weight:bold;\" rel=\"noopener\">\ud83d\udce5 Descargar PDF<\/a>\n<\/div>\n\n<!-- ORDENANZA X N\u00ba 5 -->\n<div style=\"border:2px solid #004080;border-radius:8px;padding:12px;margin-bottom:16px;background-color:#f5f8ff;\">\n<h3 style=\"color:#004080;\">\ud83d\udcc4 ORDENANZA X N\u00ba 5 <small>(Antes Ordenanza 18\/07)<\/small><\/h3>\n<p>Adhiere a la Ley Provincial X \u2013 N\u00ba 4 (Antes Ley N\u00ba 83) de Obras P\u00fablicas de la Provincia de Misiones.<\/p>\n<a href=\"https:\/\/digesto.hcd25demayomisiones.gob.ar\/wp-content\/uploads\/2025\/07\/ORDENANZA-X-N\u00b05-Y-ANEXO-1.pdf\" target=\"_blank\" style=\"color:#004080;font-weight:bold;\" rel=\"noopener\">\ud83d\udce5 Descargar PDF<\/a>\n<\/div>\n\n<!-- ORDENANZA X N\u00ba 6 -->\n<div style=\"border:2px solid #004080;border-radius:8px;padding:12px;margin-bottom:16px;background-color:#f5f8ff;\">\n<h3 style=\"color:#004080;\">\ud83d\udcc4 ORDENANZA X N\u00ba 6 <small>(Antes Ordenanza 40\/19)<\/small><\/h3>\n<p>Aprueba el Marco Regulador de Urbanizaciones y Loteos para la ciudad de 25 de Mayo. Incluye Anexo \u00danico.<\/p>\n<a href=\"https:\/\/digesto.hcd25demayomisiones.gob.ar\/wp-content\/uploads\/2025\/07\/ORDENANZA-X-N\u00b06-Y-ANEXO-1.pdf\" target=\"_blank\" style=\"color:#004080;font-weight:bold;\" rel=\"noopener\">\ud83d\udce5 Descargar PDF<\/a>\n<\/div>\n\n<!-- ORDENANZA X N\u00ba 7 -->\n<div style=\"border:2px solid #004080;border-radius:8px;padding:12px;margin-bottom:16px;background-color:#f5f8ff;\">\n<h3 style=\"color:#004080;\">\ud83d\udcc4 ORDENANZA X N\u00ba 7 <small>(Antes Ordenanza 44\/19)<\/small><\/h3>\n<p>Aprueba el C\u00f3digo de Edificaci\u00f3n Municipal. Incluye cinco cap\u00edtulos y un anexo de formularios como Anexo I.<\/p>\n<a href=\"https:\/\/digesto.hcd25demayomisiones.gob.ar\/wp-content\/uploads\/2025\/07\/ORDENANZA-X-N\u00b07-Y-ANEXOS-1.pdf\" target=\"_blank\" style=\"color:#004080;font-weight:bold;\" rel=\"noopener\">\ud83d\udce5 Descargar PDF<\/a>\n<\/div>\n\n<!-- ORDENANZA X N\u00ba 8 -->\n<div style=\"border:2px solid #004080;border-radius:8px;padding:12px;margin-bottom:16px;background-color:#f5f8ff;\">\n<h3 style=\"color:#004080;\">\ud83d\udcc4 ORDENANZA X N\u00ba 8 <small>(Antes Ordenanza 51\/19)<\/small><\/h3>\n<p>Define y clasifica los espacios p\u00fablicos del ejido urbano, incluyendo \u00e1reas verdes, reservas, m\u00e1rgenes de seguridad y espacios subterr\u00e1neos.<\/p>\n<a href=\"https:\/\/digesto.hcd25demayomisiones.gob.ar\/wp-content\/uploads\/2025\/07\/ORDENANZA-X-No-8-1.pdf\" target=\"_blank\" style=\"color:#004080;font-weight:bold;\" rel=\"noopener\">\ud83d\udce5 Descargar PDF<\/a>\n<\/div>\n\n<!-- ORDENANZA X N\u00ba 9 -->\n<div style=\"border:2px solid #004080;border-radius:8px;padding:12px;margin-bottom:16px;background-color:#f5f8ff;\">\n<h3 style=\"color:#004080;\">\ud83d\udcc4 ORDENANZA X N\u00ba 9 <small>(Antes Ordenanza 07\/23)<\/small><\/h3>\n<p>Aprueba el convenio N\u00ba 3008 entre el Instituto Provincial de Desarrollo Habitacional (IPRODHA) y la Municipalidad de 25 de Mayo. Incluye cl\u00e1usula s\u00e9ptima como Anexo I.<\/p>\n<a href=\"https:\/\/digesto.hcd25demayomisiones.gob.ar\/wp-content\/uploads\/2025\/07\/ORDENANZA-X-N-9-Y-ANEXOS-1.pdf\" target=\"_blank\" style=\"color:#004080;font-weight:bold;\" rel=\"noopener\">\ud83d\udce5 Descargar PDF<\/a>\n<\/div>\n\n","protected":false},"excerpt":{"rendered":"<p>\ud83d\udcc4 ORDENANZA X N\u00ba 1 (Antes Ordenanza 18\/84) Determina como Zona Urbana la Localidad de 25 de Mayo. \ud83d\udce5 Descargar PDF \ud83d\udcc4 ORDENANZA X N\u00ba 2 (Antes Ordenanza 06\/86) Establece el R\u00e9gimen de Contribuci\u00f3n de Mejoras para obras p\u00fablicas que &hellip; <a href=\"https:\/\/digesto.hcd25demayomisiones.gob.ar\/index.php\/rama-x\/\">Segu\u00ed leyendo <span class=\"meta-nav\">&rarr;<\/span><\/a><\/p>\n","protected":false},"author":1,"featured_media":0,"parent":0,"menu_order":0,"comment_status":"closed","ping_status":"closed","template":"","meta":{"footnotes":""},"aioseo_notices":[],"_links":{"self":[{"href":"https:\/\/digesto.hcd25demayomisiones.gob.ar\/index.php\/wp-json\/wp\/v2\/pages\/249"}],"collection":[{"href":"https:\/\/digesto.hcd25demayomisiones.gob.ar\/index.php\/wp-json\/wp\/v2\/pages"}],"about":[{"href":"https:\/\/digesto.hcd25demayomisiones.gob.ar\/index.php\/wp-json\/wp\/v2\/types\/page"}],"author":[{"embeddable":true,"href":"https:\/\/digesto.hcd25demayomisiones.gob.ar\/index.php\/wp-json\/wp\/v2\/users\/1"}],"replies":[{"embeddable":true,"href":"https:\/\/digesto.hcd25demayomisiones.gob.ar\/index.php\/wp-json\/wp\/v2\/comments?post=249"}],"version-history":[{"count":16,"href":"https:\/\/digesto.hcd25demayomisiones.gob.ar\/index.php\/wp-json\/wp\/v2\/pages\/249\/revisions"}],"predecessor-version":[{"id":2548,"href":"https:\/\/digesto.hcd25demayomisiones.gob.ar\/index.php\/wp-json\/wp\/v2\/pages\/249\/revisions\/2548"}],"wp:attachment":[{"href":"https:\/\/digesto.hcd25demayomisiones.gob.ar\/index.php\/wp-json\/wp\/v2\/media?parent=249"}],"curies":[{"name":"wp","href":"https:\/\/api.w.org\/{rel}","templated":true}]}}